199 and 18021.
3
Calculate the greatest common divisor of 1892 and 5445176.
1892
What is the highest common factor of 458206 and 152628?
322
What is the greatest common factor of 89485831 and 59?
59
Calculate the highest common factor of 44427825 and 15860.
3965
What is the highest common divisor of 33584624 and 139?
139
What is the greatest common divisor of 36999419 and 3669?
1223
Calculate the greatest common divisor of 14106 and 96.
6
What is the highest common divisor of 230 and 66573155?
115
What is the greatest common divisor of 53960674 and 574?
82
Calculate the highest common factor of 17651 and 257146.
19
Calculate the greatest common divisor of 198 and 16342722.
198
Calculate the highest common divisor of 35307 and 93213.
9
Calculate the highest common factor of 460700 and 731000.
1700
What is the greatest common divisor of 100296 and 19500?
12
What is the greatest common divisor of 3583252 and 332?
4
What is the highest common factor of 5 and 57550075?
5
Calculate the greatest common factor of 48 and 6651996.
12
Calculate the greatest common divisor of 188903 and 36608.
143
Calculate the highest common divisor of 3497140 and 17860.
380
Calculate the highest common divisor of 417368 and 77357.
1799
Calculate the highest common factor of 1155072 and 312.
24
Calculate the greatest common factor of 1120669194 and 474.
474
What is the greatest common divisor of 9669 and 192?
3
What is the highest common factor of 16892790 and 2610?
870
What is the highest common divisor of 9609342 and 9999?
303
Calculate the highest common factor of 68 and 123397968.
68
Calculate the greatest common divisor of 1749611 and 21.
1
What is the greatest common divisor of 10737 and 31511902?
1193
What is the highest common divisor of 11 and 383802947?
11
What is the greatest common factor of 2632399 and 32725?
1309
Calculate the highest common divisor of 925 and 47087525.
25
What is the greatest common divisor of 7055230 and 364?
182
Calculate the highest common divisor of 272605 and 25.
5
Calculate the greatest common factor of 28 and 568762068.
28
What is the highest common factor of 1598739 and 15279?
1389
What is the highest common factor of 28 and 10276721?
7
Calculate the greatest common factor of 1630054 and 45214.
94
Calculate the greatest common divisor of 90801 and 185193.
513
Calculate the greatest common divisor of 52164648 and 237.
237
Calculate the greatest common divisor of 2266 and 146135782.
206
What is the highest common factor of 1269147332 and 152?
76
Calculate the greatest common divisor of 32262 and 130188.
114
Calculate the greatest common factor of 556521 and 4053.
21
What is the greatest common factor of 4758641 and 1018?
509
Calculate the greatest common divisor of 108071 and 14740.
67
Calculate the highest common divisor of 102422 and 420794.
1234
What is the greatest common factor of 16 and 247815664?
16
Calculate the highest common divisor of 40 and 236587520.
40
What is the greatest common divisor of 497172346 and 638?
638
What is the greatest common factor of 27863253 and 20691?
1881
What is the highest common divisor of 7296 and 162600?
24
Calculate the highest common factor of 2961 and 1967301.
63
What is the highest common factor of 182947 and 513223?
1619
What is the highest common divisor of 2794979 and 33?
11
What is the highest common factor of 7434 and 31314486?
2478
Calculate the greatest common factor of 486564 and 273.
39
What is the highest common divisor of 2233018 and 6766?
34
What is the highest common factor of 22850 and 3024100?
50
What is the highest common factor of 9703 and 1690835077?
9703
Calculate the highest common divisor of 45854 and 4197863.
101
Calculate the highest common divisor of 238307856 and 12.
12
What is the highest common divisor of 29141454 and 730?
146
Calculate the greatest common factor of 921438 and 14115738.
4326
What is the highest common factor of 17986904 and 7566?
2522
Calculate the highest common divisor of 26670 and 5956554.
762
Calculate the greatest common factor of 2330 and 170628230.
2330
What is the greatest common divisor of 272486500 and 5720?
2860
What is the highest common factor of 249879 and 4433947?
511
Calculate the highest common factor of 7579 and 2950563.
583
What is the greatest common factor of 969 and 59673927?
969
Calculate the greatest common factor of 29800890 and 129150.
630
Calculate the greatest common divisor of 2 and 615343316.
2
What is the highest common factor of 9296 and 105330071?
581
Calculate the greatest common divisor of 2973063772 and 556.
556
What is the greatest common divisor of 910202860 and 6685?
6685
Calculate the greatest common factor of 88896 and 245125164.
5556
What is the highest common factor of 89992 and 1750023?
1607
What is the greatest common divisor of 10244880 and 24?
24
What is the highest common divisor of 1826 and 525556?
166
What is the highest common divisor of 3055 and 47497495?
235
What is the greatest common factor of 4807 and 493810?
437
What is the highest common factor of 19446403 and 158?
79
What is the highest common factor of 272233 and 464529?
559
Calculate the greatest common factor of 5342855 and 6153.
2051
What is the highest common divisor of 7866161 and 117576?
1633
Calculate the highest common factor of 375912207 and 874.
437
What is the highest common divisor of 98080 and 11760?
80
Calculate the greatest common divisor of 21 and 460116937.
7
What is the greatest common divisor of 12694 and 5657703106?
12694
What is the highest common divisor of 107700 and 18948?
12
Calculate the greatest common factor of 65301133 and 129.
43
What is the highest common divisor of 517 and 11918871?
47
What is the highest common divisor of 12912 and 8833872?
48
What is the highest common factor of 2322 and 792576?
774
Calculate the greatest common factor of 73782 and 42912.
18
Calculate the highest common divisor of 21615696 and 13320.
2664
Calculate the greatest common factor of 4624047 and 20412.
729
Calculate the greatest common factor of 435 and 35655.
15
What is the greatest common divisor of 4534650 and 1680?
30
What is the highest common factor of 16 and 27084472?
8
Calculate the greatest common divisor of 115730 and 952110.
710
Calculate the highest common factor of 14612788 and 2118.
706
What is the greatest common factor of 2433 and 38785264?
811
Calculate the highest common factor of 1992649 and 961.
31
Calculate the highest common factor of 174 and 10873898.
58
What is the highest common divisor of 35709282 and 8568?
2142
Calculate the highest common divisor of 99 and 141780474.
99
What is the highest common factor of 861230 and 13907045?
6065
Calculate the highest common factor of 89749080 and 540.
540
What is the highest common divisor of 1526321565 and 305?
305
What is the highest common factor of 558 and 50695974?
558
Calculate the greatest common divisor of 99 and 6641296497.
99
Calculate the highest common divisor of 19124 and 572292.
28
What is the greatest common divisor of 6831 and 22055?
11
What is the greatest common divisor of 985 and 39584195?
985
Calculate the highest common factor of 59644 and 14929352.
4588
Calculate the highest common divisor of 86535 and 17246105.
3205
Calculate the greatest common divisor of 9398 and 3396361.
127
Calculate the highest common factor of 1 and 4335729.
1
What is the greatest common divisor of 358012 and 8856?
164
Calculate the greatest common divisor of 783713 and 49.
7
What is the greatest common divisor of 5151489 and 4674?
57
Calculate the highest common divisor of 35459677 and 511.
73
What is the highest common divisor of 1701436377 and 7338?
3669
What is the highest common divisor of 28 and 18697882?
14
Calculate the greatest common divisor of 4707920 and 3220.
140
What is the greatest common factor of 420 and 106606605?
105
Calculate the highest common factor of 4487139 and 1702.
23
Calculate the highest common factor of 15642 and 20170359.
7821
Calculate the highest common divisor of 81991 and 107364803.
4823
What is the greatest common divisor of 4290 and 5935670?
130
Calculate the highest common divisor of 34390 and 118968766.
6878
What is the greatest common divisor of 13281 and 68647?
19
Calculate the greatest common factor of 1257 and 5439877.
419